?
False
Is 8435758579 a prime number?
False
Is 8151908161 prime?
True
Is 304602629 prime?
False
Is 1187325431 a composite number?
True
Is 1995416889 a prime number?
False
Is 113770615085 a composite number?
True
Is 2481659437 prime?
True
Is 354829397 prime?
False
Is 1100223974 a composite number?
True
Is 6111279311 a composite number?
False
Is 3760281779 prime?
False
Is 2994223027 a prime number?
True
Is 435862393 composite?
True
Is 91499180397 a composite number?
True
Is 40041820271 prime?
True
Is 23954084897 prime?
True
Is 11665755103 a prime number?
True
Is 5372060017 prime?
True
Is 20692904317 a prime number?
True
Is 345783959 a composite number?
False
Is 2714491631 a composite number?
False
Is 39639090389 a composite number?
True
Is 39724994789 composite?
False
Is 5021051693 prime?
False
Is 3010877183 a composite number?
True
Is 20372391034 prime?
False
Is 4356794041 a composite number?
True
Is 5906062237 a composite number?
True
Is 167438003017 a composite number?
True
Is 927171073 a composite number?
True
Is 4213153667 prime?
True
Is 145923361 a prime number?
False
Is 2983673843 a prime number?
True
Is 3744237553 composite?
True
Is 481962929 prime?
False
Is 93406213 composite?
False
Is 215836035757 prime?
True
Is 571552673 a composite number?
True
Is 35585273 a prime number?
False
Is 1328983853 a composite number?
False
Is 17324298289 composite?
False
Is 3561344359 composite?
False
Is 47258624351 a composite number?
False
Is 3418595413 prime?
True
Is 13507359143 a composite number?
False
Is 15669990851 a composite number?
False
Is 3211133395 a prime number?
False
Is 4635262399 a composite number?
False
Is 1106709157 composite?
False
Is 30004871093 a composite number?
True
Is 7639624561 a composite number?
True
Is 3032007247 a prime number?
True
Is 400243611 prime?
False
Is 57433574177 a composite number?
True
Is 26508369089 a prime number?
True
Is 3589039771 prime?
True
Is 8201265187 prime?
False
Is 37186898783 prime?
False
Is 5257553243 prime?
True
Is 47119895947 a composite number?
True
Is 258924119 a prime number?
True
Is 4376840681 composite?
True
Is 14280030571 prime?
True
Is 2730762451 prime?
True
Is 559720253 a composite number?
False
Is 2357679277 a prime number?
False
Is 5568774886 a composite number?
True
Is 1582191467 a composite number?
True
Is 1525301621 composite?
False
Is 65115141163 prime?
False
Is 2379933883 a prime number?
True
Is 178277333947 composite?
False
Is 212082541133 composite?
True
Is 8286174049 a composite number?
True
Is 5375498789 composite?
False
Is 15854272843 a composite number?
True
Is 65167177 a composite number?
True
Is 3426223565 prime?
False
Is 26661620017 composite?
True
Is 23491702409 a prime number?
False
Is 1045032529 composite?
True
Is 1476875297 prime?
True
Is 887638949 prime?
False
Is 37664810609 composite?
False
Is 1722651961 prime?
True
Is 18484047163 a prime number?
False
Is 3608384893 composite?
False
Is 1529903941 composite?
False
Is 10731726371 composite?
False
Is 20113781803 a prime number?
False
Is 3829662355 a prime number?
False
Is 260954820631 prime?
True
Is 32682015481 a prime number?
True
Is 2676299933 composite?
True
Is 5862107351 a composite number?
False
Is 917452402 composite?
True
Is 9140540231 prime?
True
Is 171994965089 prime?
True
Is 565054597 a prime number?
True
Is 755769979 composite?
True
Is 1338219107 prime?
False
Is 8993303849 prime?
True
Is 4873106591 a prime number?
True
Is 4314339143 a composite number?
False
Is 71026507847 prime?
False
Is 19977981293 prime?
True
Is 51159099469 a composite number?
False
Is 8798405219 prime?
False
Is 3461680081 composite?
True
Is 1012850789 a composite number?
False
Is 4774430291 prime?
True
Is 54869386921 a prime number?
False
Is 68281399061 prime?
False
Is 2843386927 a prime number?
False
Is 73592310115 prime?
False
Is 90586463053 a composite number?
False
Is 30595789789 composite?
True
Is 71619025699 prime?
False
Is 1078242801 a prime number?
False
Is 5236594919 composite?
False
Is 738017681 composite?
True
Is 83097439 prime?
True
Is 17469581 prime?
False
Is 3903048391 a composite number?
True
Is 5563237327 a composite number?
True
Is 945751267 a prime number?
False
Is 341686403 composite?
True
Is 707168597 composite?
False
Is 85382533 a prime number?
False
Is 999065497 prime?
True
Is 1836724163 prime?
False
Is 127632793 composite?
True
Is 27597379053 a composite number?
True
Is 3547911893 a composite number?
False
Is 4080134039 a prime number?
True
Is 134240219 a composite number?
False
Is 2923296979 a prime number?
False
Is 1365329129 a prime number?
True
Is 84343013617 a composite number?
False
Is 23290280099 composite?
True
Is 627476959 prime?
True
Is 20453581133 a composite number?
False
Is 45688190069 prime?
True
Is 7970663471 prime?
True
Is 15445368529 a composite number?
False
Is 25128272467 composite?
False
Is 59325493 prime?
True
Is 728042723 composite?
False
Is 5155606493 composite?
True
Is 116388989 prime?
True
Is 1747100441 a composite number?
True
Is 284236883 composite?
True
Is 43811544211 composite?
True
Is 49275624473 prime?
True
Is 1735568963 a composite number?
False
Is 198558551 prime?
True
Is 513195149 a composite number?
True
Is 11856882997 prime?
False
Is 9320630387 a prime number?
True
Is 2489173517 a composite number?
False
Is 121825100531 prime?
True
Is 1196997983 prime?
True
Is 61290919 a prime number?
True
Is 1217460193 composite?
True
Is 9300522661 a prime number?
True
Is 1400230595 a composite number?
True
Is 7454096977 prime?
True
Is 1378241947 prime?
False
Is 6016999283 prime?
False
Is 1765891007 a composite number?
True
Is 2018381098 a prime number?
False
Is 419858363 composite?
False
Is 8722474847 composite?
False
Is 5550598069 composite?
False
Is 242098224421 prime?
True
Is 286010113 a prime number?
False
Is 517226149 composite?
True
Is 12413604517 a prime number?
False
Is 1090208839 a prime number?
False
Is 1634521183 a composite number?
True
Is 297098111 prime?
True
Is 1244059339 a composite number?
True
Is 8215187401 prime?
False
Is 390560201 prime?
True
Is 130606429519 a composite number?
False
Is 298509683 prime?
False
Is 32538964709 a prime number?
True
Is 98707139033 a composite number?
False
Is 2002326701 a prime number?
True
Is 659616322 a composite number?
True
Is 44356472689 a composite number?
True
Is 3343162783 a composite number?
False
Is 96178583573 a composite number?
True
Is 5339913853 composite?
False
Is 201382261 a prime number?
True
Is 8496141877 prime?
True
Is 276844496039 a composite number?
True
Is 529403359 prime?
True
Is 8843936303 a prime number?
False
Is 91867958863 prime?
False
Is 499795217 composite?
False
Is 27683250991 a composite number?
True
Is 20333640373 composite?
True
Is 134386109303 prime?
False
Is 2997357929 composite?
False
Is 18274424933 prime?
False
Is 2968026223 composite?
False
Is 13301961587 a prime number?
False
Is 2116393739 prime?
True
Is 226206277 a composite number?
True
Is 5322703537 composite?
False
Is 37523248699 composite?
True
Is 101389426639 prime?
True
Is 102024005 composite?
True
Is 347790129 composite?
True
Is 24547828141 a prime number?
False
Is 23737720421 composite?
True
Is 8035459151 prime?
False
Is 2211638213 a prime number?
True
Is 114181542503 a prime number?
False
Is 11035472017 composite?
False
Is 14307403609 a composite number?
True
Is 7445369101 prime?
True
Is 19746267141 prime?
False
Is 23245039921 prime?
True
Is 6787927123 prime?
False
Is 13008407369 a composite number?
False
Is 1512194389 prime?
False
Is 5480287339 a prime number?
True
Is 2410372763 a composite number?
False
Is 52873562447 prime?
True
Is 33752768531 a prime number?
True
Is 790156421 composite?
True
Is 1373164913 a composite number?
False
Is 16907234099 a composite number?
True
Is 2230747019 a composite number?
True
Is 195745356541 prime?
False
Is 39013259209 prime?
False
Is 5532868743 a prime number?
False
Is 1356307522 prime?
False
Is 298929986 a prime number?
False
Is 271932877 prime?
False
Is 251323643 composite?
True
Is 14922219467 a prime number?
True
Is 2148358789 composite?
False
Is 47069480357 a prime number?
True
Is 91380587969 a composite number?
True
Is 31403740443 prime?
False
Is 2242882453 a composite number?
True
Is 2026120451 prime?
T